{"id":1285,"date":"2023-04-14T11:09:50","date_gmt":"2023-04-14T11:09:50","guid":{"rendered":"http:\/\/concordia.fuzewebsites.com\/?page_id=1285"},"modified":"2023-04-14T11:19:58","modified_gmt":"2023-04-14T11:19:58","slug":"cdi","status":"publish","type":"page","link":"https:\/\/www.isc.edu.eg\/concordia\/cdi\/","title":{"rendered":"CDI"},"content":{"rendered":"<section class=\"wpb-content-wrapper\"><div class=\"vc_row wpb_row vc_row-fluid  dark_txt svg_none svg_bottom_none  svg_bottom\"   >\n                  \n\t\t\t\t       \n\t\t\t\t<div class=\"mo-vc-row-ovelay\" style=\"\"><\/div>\n\t\t\t<div class=\"container main-container\"><div class=\"wpb_column vc_column_container vc_col-sm-12 mo-column-69da023c4a3a3\"><div class=\"vc_column-inner\"><div class=\"wpb_wrapper \"  ><div class=\"wpb_wrapper-inner\"><h2 style=\"text-align: center;font-family:Abril Fatface;font-weight:400;font-style:normal\" class=\"vc_custom_heading\">Centre de documentation et d'information<\/h2>\n\t<div  class=\"wpb_single_image wpb_content_element vc_align_center\">\n\t\t\n\t\t<figure class=\"wpb_wrapper vc_figure\">\n\t\t\t<div class=\"vc_single_image-wrapper   vc_box_border_grey\"><img loading=\"lazy\" decoding=\"async\" width=\"634\" height=\"473\" src=\"https:\/\/www.isc.edu.eg\/concordia\/wp-content\/uploads\/2023\/04\/IMG_0147_JPG.webp\" class=\"vc_single_image-img attachment-large\" alt=\"\" title=\"\" srcset=\"https:\/\/www.isc.edu.eg\/concordia\/wp-content\/uploads\/2023\/04\/IMG_0147_JPG.webp 634w, https:\/\/www.isc.edu.eg\/concordia\/wp-content\/uploads\/2023\/04\/IMG_0147_JPG-300x224.webp 300w\" sizes=\"auto, (max-width: 634px) 100vw, 634px\" \/><\/div>\n\t\t<\/figure>\n\t<\/div>\n\n\t<div class=\"wpb_text_column wpb_content_element \" >\n\t\t<div class=\"wpb_wrapper\">\n\t\t\t<p class=\"font_8\">Le CDI (Centre de Documentation et d\u2019Information) est le noyau du coll\u00e8ge-lyc\u00e9e o\u00f9 \u00e9l\u00e8ves, enseignants et personnel \u00e9ducatif sont accueillis \u00e0 des fins de recherche info-documentaire, pour la lecture d\u00e9tente et aussi pour le travail collaboratif autour de projets disciplinaires, interdisciplinaires, multidisciplinaires et de prestations culturelles.<\/p>\n<p class=\"font_8\">\u00c0 cet effet, le lieu rec\u00e8le de nombreuses ressources physiques et num\u00e9riques consultables sur place et pour certaines le pr\u00eat \u00e0 domicile est autoris\u00e9.<\/p>\n<p class=\"font_8\">Le fonds documentaire est compos\u00e9 d\u2019environ 5000 ouvrages r\u00e9partis comme suit :<\/p>\n<ul class=\"font_8\">\n<li>\n<p class=\"font_8\">Des documentaires dans diff\u00e9rents domaines du savoir.<\/p>\n<\/li>\n<li>\n<p class=\"font_8\">Des fictions en tous genres : romans, th\u00e9\u00e2tre, contes, po\u00e9sie, bandes dessin\u00e9es dont quelques mangas.<\/p>\n<\/li>\n<li>\n<p class=\"font_8\">Des usuels \u00e0 consulter sur place : dictionnaires, encyclop\u00e9dies et ouvrages de r\u00e9f\u00e9rences.<\/p>\n<\/li>\n<li>\n<p class=\"font_8\">Des ressources documentaires et de fiction en ligne.<\/p>\n<\/li>\n<\/ul>\n<p class=\"font_8\">La gestion documentaire est conforme en tous points \u00e0 la politique documentaire du lyc\u00e9e Concordia.<\/p>\n<p class=\"font_8\">Le CDI conduit avec les \u00e9co-d\u00e9l\u00e9gu\u00e9s un projet ax\u00e9 sur le d\u00e9veloppement durable et ce, depuis 2019.<\/p>\n<p class=\"font_8\">Un magazine baptis\u00e9 \u00ab Concordia News \u00bb sous formats num\u00e9rique et physique est publi\u00e9 r\u00e9guli\u00e8rement pour rendre compte des activit\u00e9s de notre \u00e9tablissement.<\/p>\n<p class=\"font_8\">Une ouverture sur l\u2019environnement local et international a \u00e9t\u00e9 men\u00e9 pour favoriser l\u2019\u00e9veil et la communication via des partenariats avec notamment, un lyc\u00e9e en France, une ONG fran\u00e7aise, l\u2019IFE et des associations caritatives et \u00e9cologiques locales.<\/p>\n<p class=\"font_8\">Le CDI facilite \u00e9galement la venue de conf\u00e9renciers et d\u2019intervenants ext\u00e9rieurs dans le cadre du parcours avenir et il agit comme r\u00e9f\u00e9rent culturel pour rapprocher les offres culturelles fran\u00e7aises de la communaut\u00e9 francophone \u00e9gyptienne.<\/p>\n\n\t\t<\/div>\n\t<\/div>\n<div class=\"vc_row wpb_row vc_inner vc_row-fluid vc_column-gap-0\"   ><div class=\"wpb_column vc_column_container vc_col-sm-6 mo-column-69da023c4c7b8\"><div class=\"vc_column-inner\" ><div class=\"wpb_wrapper\">\n\t<div  class=\"wpb_single_image wpb_content_element vc_align_right\">\n\t\t\n\t\t<figure class=\"wpb_wrapper vc_figure\">\n\t\t\t<div class=\"vc_single_image-wrapper   vc_box_border_grey\"><img loading=\"lazy\" decoding=\"async\" width=\"441\" height=\"326\" src=\"https:\/\/www.isc.edu.eg\/concordia\/wp-content\/uploads\/2023\/04\/IMG_0148_JPG.webp\" class=\"vc_single_image-img attachment-large\" alt=\"\" title=\"\" srcset=\"https:\/\/www.isc.edu.eg\/concordia\/wp-content\/uploads\/2023\/04\/IMG_0148_JPG.webp 441w, https:\/\/www.isc.edu.eg\/concordia\/wp-content\/uploads\/2023\/04\/IMG_0148_JPG-300x222.webp 300w\" sizes=\"auto, (max-width: 441px) 100vw, 441px\" \/><\/div>\n\t\t<\/figure>\n\t<\/div>\n\n\t<div  class=\"wpb_single_image wpb_content_element vc_align_right\">\n\t\t\n\t\t<figure class=\"wpb_wrapper vc_figure\">\n\t\t\t<div class=\"vc_single_image-wrapper   vc_box_border_grey\"><img loading=\"lazy\" decoding=\"async\" width=\"441\" height=\"326\" src=\"https:\/\/www.isc.edu.eg\/concordia\/wp-content\/uploads\/2023\/04\/IMG_0145_JPG.webp\" class=\"vc_single_image-img attachment-large\" alt=\"\" title=\"IMG_0145_JPG\" srcset=\"https:\/\/www.isc.edu.eg\/concordia\/wp-content\/uploads\/2023\/04\/IMG_0145_JPG.webp 441w, https:\/\/www.isc.edu.eg\/concordia\/wp-content\/uploads\/2023\/04\/IMG_0145_JPG-300x222.webp 300w\" sizes=\"auto, (max-width: 441px) 100vw, 441px\" \/><\/div>\n\t\t<\/figure>\n\t<\/div>\n<\/div><\/div><\/div><div class=\"wpb_column vc_column_container vc_col-sm-6 mo-column-69da023c4d6b1\"><div class=\"vc_column-inner\" ><div class=\"wpb_wrapper\">\n\t<div  class=\"wpb_single_image wpb_content_element vc_align_left\">\n\t\t\n\t\t<figure class=\"wpb_wrapper vc_figure\">\n\t\t\t<div class=\"vc_single_image-wrapper   vc_box_border_grey\"><img loading=\"lazy\" decoding=\"async\" width=\"440\" height=\"326\" src=\"https:\/\/www.isc.edu.eg\/concordia\/wp-content\/uploads\/2023\/04\/IMG_0143_JPG.webp\" class=\"vc_single_image-img attachment-large\" alt=\"\" title=\"\" srcset=\"https:\/\/www.isc.edu.eg\/concordia\/wp-content\/uploads\/2023\/04\/IMG_0143_JPG.webp 440w, https:\/\/www.isc.edu.eg\/concordia\/wp-content\/uploads\/2023\/04\/IMG_0143_JPG-300x222.webp 300w\" sizes=\"auto, (max-width: 440px) 100vw, 440px\" \/><\/div>\n\t\t<\/figure>\n\t<\/div>\n\n\t<div  class=\"wpb_single_image wpb_content_element vc_align_left\">\n\t\t\n\t\t<figure class=\"wpb_wrapper vc_figure\">\n\t\t\t<div class=\"vc_single_image-wrapper   vc_box_border_grey\"><img loading=\"lazy\" decoding=\"async\" width=\"441\" height=\"326\" src=\"https:\/\/www.isc.edu.eg\/concordia\/wp-content\/uploads\/2023\/04\/IMG_0157_JPG.webp\" class=\"vc_single_image-img attachment-large\" alt=\"\" title=\"\" srcset=\"https:\/\/www.isc.edu.eg\/concordia\/wp-content\/uploads\/2023\/04\/IMG_0157_JPG.webp 441w, https:\/\/www.isc.edu.eg\/concordia\/wp-content\/uploads\/2023\/04\/IMG_0157_JPG-300x222.webp 300w\" sizes=\"auto, (max-width: 441px) 100vw, 441px\" \/><\/div>\n\t\t<\/figure>\n\t<\/div>\n<\/div><\/div><\/div><\/div><\/div><\/div><\/div><\/div><\/div><\/div>\n<\/section>","protected":false},"excerpt":{"rendered":"Centre de documentation et d'information Le CDI (Centre de Documentation et d\u2019Information) est le noyau du coll\u00e8ge-lyc\u00e9e o\u00f9 \u00e9l\u00e8ves, enseignants et personnel \u00e9ducatif sont accueillis \u00e0 des fins de recherche info-documentaire, pour la lecture d\u00e9tente et aussi pour le travail collaboratif autour de projets disciplinaires, interdisciplinaires, multidisciplinaires et de prestations culturelles. \u00c0 cet effet, le [...]","protected":false},"author":1,"featured_media":0,"parent":0,"menu_order":0,"comment_status":"closed","ping_status":"closed","template":"","meta":{"ngg_post_thumbnail":0,"_mc_calendar":[],"footnotes":""},"class_list":["post-1285","page","type-page","status-publish","hentry"],"_links":{"self":[{"href":"https:\/\/www.isc.edu.eg\/concordia\/wp-json\/wp\/v2\/pages\/1285","targetHints":{"allow":["GET"]}}],"collection":[{"href":"https:\/\/www.isc.edu.eg\/concordia\/wp-json\/wp\/v2\/pages"}],"about":[{"href":"https:\/\/www.isc.edu.eg\/concordia\/wp-json\/wp\/v2\/types\/page"}],"author":[{"embeddable":true,"href":"https:\/\/www.isc.edu.eg\/concordia\/wp-json\/wp\/v2\/users\/1"}],"replies":[{"embeddable":true,"href":"https:\/\/www.isc.edu.eg\/concordia\/wp-json\/wp\/v2\/comments?post=1285"}],"version-history":[{"count":3,"href":"https:\/\/www.isc.edu.eg\/concordia\/wp-json\/wp\/v2\/pages\/1285\/revisions"}],"predecessor-version":[{"id":1294,"href":"https:\/\/www.isc.edu.eg\/concordia\/wp-json\/wp\/v2\/pages\/1285\/revisions\/1294"}],"wp:attachment":[{"href":"https:\/\/www.isc.edu.eg\/concordia\/wp-json\/wp\/v2\/media?parent=1285"}],"curies":[{"name":"wp","href":"https:\/\/api.w.org\/{rel}","templated":true}]}}