{"id":1308,"date":"2023-04-14T11:33:57","date_gmt":"2023-04-14T11:33:57","guid":{"rendered":"http:\/\/concordia.fuzewebsites.com\/?page_id=1308"},"modified":"2023-04-14T11:39:42","modified_gmt":"2023-04-14T11:39:42","slug":"ecologie-et-citoyennete","status":"publish","type":"page","link":"https:\/\/www.isc.edu.eg\/concordia\/ecologie-et-citoyennete\/","title":{"rendered":"Ecologie et Citoyennet\u00e9"},"content":{"rendered":"<section class=\"wpb-content-wrapper\"><div class=\"vc_row wpb_row vc_row-fluid  dark_txt svg_none svg_bottom_none  svg_bottom\"   >\n                  \n\t\t\t\t       \n\t\t\t\t<div class=\"mo-vc-row-ovelay\" style=\"\"><\/div>\n\t\t\t<div class=\"container main-container\"><div class=\"wpb_column vc_column_container vc_col-sm-12 mo-column-69d91f0018263\"><div class=\"vc_column-inner\"><div class=\"wpb_wrapper \"  ><div class=\"wpb_wrapper-inner\"><h5 style=\"text-align: center;font-family:Abril Fatface;font-weight:400;font-style:normal\" class=\"vc_custom_heading\">Ecologie et Citoyennet\u00e9<\/h5><h2 style=\"text-align: center;font-family:Abril Fatface;font-weight:400;font-style:normal\" class=\"vc_custom_heading\">ECOLOGIE ET CITOYENNETE<\/h2>\n\t<div class=\"wpb_text_column wpb_content_element \" >\n\t\t<div class=\"wpb_wrapper\">\n\t\t\t<p style=\"text-align: center;\">Pr\u00e9sentation du projet &#8220;Recyclage&#8221; \u00e0 Concordia par Madame Latifa Desmet<\/p>\n\n\t\t<\/div>\n\t<\/div>\n\n\t<div class=\"wpb_video_widget wpb_content_element vc_clearfix   vc_video-aspect-ratio-169 vc_video-el-width-100 vc_video-align-center\" >\n\t\t<div class=\"wpb_wrapper\">\n\t\t\t\n\t\t\t<div class=\"wpb_video_wrapper\"><iframe loading=\"lazy\" title=\"Projet Recyclage Concordia\" width=\"900\" height=\"506\" src=\"https:\/\/www.youtube.com\/embed\/crQhxlei15Y?feature=oembed\" frameborder=\"0\" allow=\"accelerometer; autoplay; clipboard-write; encrypted-media; gyroscope; picture-in-picture; web-share\" allowfullscreen><\/iframe><\/div>\n\t\t<\/div>\n\t<\/div>\n\n\t<div class=\"wpb_text_column wpb_content_element \" >\n\t\t<div class=\"wpb_wrapper\">\n\t\t\t<p class=\"font_8\" style=\"text-align: center;\">les grandes lignes du projet :<\/p>\n<p class=\"font_8\" style=\"text-align: center;\">2018-2020 :<\/p>\n<p class=\"font_8\" style=\"text-align: center;\">&#8211; Signature d&#8217;un contrat avec une entreprise \u00e9gyptienne qui r\u00e9cup\u00e8re les papiers et plastiques pour les recycler.<\/p>\n<p class=\"font_8\" style=\"text-align: center;\">&#8211; Cr\u00e9ation\u00a0 d&#8217;une \u00e9quipe d&#8217;\u00e9co-d\u00e9l\u00e9gu\u00e9s pour le coll\u00e8ge-lyc\u00e9e<\/p>\n<p class=\"font_8\" style=\"text-align: center;\">&#8211; Exposition d&#8217;affiches publicitaires sur le d\u00e9veloppement durable via un logiciel infographique.<\/p>\n<p class=\"font_8\" style=\"text-align: center;\">&#8211; Mise en place de bacs pour le tri s\u00e9lectif des d\u00e9chets, r\u00e9alis\u00e9s \u00e0 partir de cartons r\u00e9cup\u00e9r\u00e9s.<\/p>\n<p class=\"font_8\" style=\"text-align: center;\">&#8211; R\u00e9daction d&#8217;articles sur le d\u00e9veloppement durable dans notre magazine scolaire &#8220;Concordia News&#8221;<\/p>\n<p class=\"font_8\" style=\"text-align: center;\">&#8211; Participation au concours de Al Ahram Hebdo sur le d\u00e9veloppement durable (les articles ont \u00e9t\u00e9 s\u00e9lectionn\u00e9s par le jury de l&#8217;hebdomadaire francophone \u00e9gyptien et ont \u00e9t\u00e9 publi\u00e9s)<\/p>\n<p class=\"font_8\" style=\"text-align: center;\">&#8211; Cr\u00e9ation d&#8217;un jardin p\u00e9dagogique collaboratif.<\/p>\n<p class=\"font_8\" style=\"text-align: center;\">2021-2022<\/p>\n<p class=\"font_8\" style=\"text-align: center;\">&#8211; Lancement d&#8217;une coop\u00e9ration \u00e0 l&#8217;internationale, inter-\u00e9tablissement avec le lyc\u00e9e Jean-Moulin et coop\u00e9ration avec Tara Oc\u00e9an<\/p>\n<p class=\"font_8\" style=\"text-align: center;\">\u00a0 Actions pr\u00e9vues :<\/p>\n<p class=\"font_8\" style=\"text-align: center;\">continuer le\u00a0 recyclage des d\u00e9chets via l&#8217;entreprise \u00e9gyptienne, continuer \u00e0 d\u00e9velopper le jardin collaboratif en plantant des semis en rapport avec les saisons, exposition d&#8217;affiches sur les \u00e9co-gestes via un logiciel infographique, ramassage de plastique en bord de mer, planter des arbres, films et articles sur les \u00e9v\u00e9nements, interview d&#8217;un haut responsable du minist\u00e8re \u00e9gyptien de l&#8217;environnement.<\/p>\n\n\t\t<\/div>\n\t<\/div>\n<h2 style=\"text-align: center;font-family:Abril Fatface;font-weight:400;font-style:normal\" class=\"vc_custom_heading\">Projet '' Sacs plastiques\" R\u00e9alis\u00e9 par Carelle Rafik, \u00e9l\u00e8ve de 5\u00e8me<\/h2>\n\t<div class=\"wpb_video_widget wpb_content_element vc_clearfix   vc_video-aspect-ratio-169 vc_video-el-width-100 vc_video-align-center\" >\n\t\t<div class=\"wpb_wrapper\">\n\t\t\t\n\t\t\t<div class=\"wpb_video_wrapper\"><iframe loading=\"lazy\" title=\"Projet &quot;Sacs plastiques&quot; r\u00e9alis\u00e9 par Carelle Rafik 6\u00e8me\" width=\"900\" height=\"506\" src=\"https:\/\/www.youtube.com\/embed\/-yY8iOSdfVE?feature=oembed\" frameborder=\"0\" allow=\"accelerometer; autoplay; clipboard-write; encrypted-media; gyroscope; picture-in-picture; web-share\" allowfullscreen><\/iframe><\/div>\n\t\t<\/div>\n\t<\/div>\n<\/div><\/div><\/div><\/div><\/div><\/div>\n<\/section>","protected":false},"excerpt":{"rendered":"Ecologie et Citoyennet\u00e9ECOLOGIE ET CITOYENNETE Pr\u00e9sentation du projet \"Recyclage\" \u00e0 Concordia par Madame Latifa Desmet les grandes lignes du projet : 2018-2020 : - Signature d'un contrat avec une entreprise \u00e9gyptienne qui r\u00e9cup\u00e8re les papiers et plastiques pour les recycler. - Cr\u00e9ation\u00a0 d'une \u00e9quipe d'\u00e9co-d\u00e9l\u00e9gu\u00e9s pour le coll\u00e8ge-lyc\u00e9e - Exposition d'affiches publicitaires sur le d\u00e9veloppement [...]","protected":false},"author":1,"featured_media":0,"parent":0,"menu_order":0,"comment_status":"closed","ping_status":"closed","template":"","meta":{"ngg_post_thumbnail":0,"_mc_calendar":[],"footnotes":""},"class_list":["post-1308","page","type-page","status-publish","hentry"],"_links":{"self":[{"href":"https:\/\/www.isc.edu.eg\/concordia\/wp-json\/wp\/v2\/pages\/1308","targetHints":{"allow":["GET"]}}],"collection":[{"href":"https:\/\/www.isc.edu.eg\/concordia\/wp-json\/wp\/v2\/pages"}],"about":[{"href":"https:\/\/www.isc.edu.eg\/concordia\/wp-json\/wp\/v2\/types\/page"}],"author":[{"embeddable":true,"href":"https:\/\/www.isc.edu.eg\/concordia\/wp-json\/wp\/v2\/users\/1"}],"replies":[{"embeddable":true,"href":"https:\/\/www.isc.edu.eg\/concordia\/wp-json\/wp\/v2\/comments?post=1308"}],"version-history":[{"count":5,"href":"https:\/\/www.isc.edu.eg\/concordia\/wp-json\/wp\/v2\/pages\/1308\/revisions"}],"predecessor-version":[{"id":1314,"href":"https:\/\/www.isc.edu.eg\/concordia\/wp-json\/wp\/v2\/pages\/1308\/revisions\/1314"}],"wp:attachment":[{"href":"https:\/\/www.isc.edu.eg\/concordia\/wp-json\/wp\/v2\/media?parent=1308"}],"curies":[{"name":"wp","href":"https:\/\/api.w.org\/{rel}","templated":true}]}}