{"id":1320,"date":"2023-04-14T11:51:37","date_gmt":"2023-04-14T11:51:37","guid":{"rendered":"http:\/\/concordia.fuzewebsites.com\/?page_id=1320"},"modified":"2023-04-14T11:55:43","modified_gmt":"2023-04-14T11:55:43","slug":"vie-de-lecole","status":"publish","type":"page","link":"https:\/\/www.isc.edu.eg\/concordia\/vie-de-lecole\/","title":{"rendered":"Vie de l&#8217;\u00e9cole"},"content":{"rendered":"<section class=\"wpb-content-wrapper\"><div class=\"vc_row wpb_row vc_row-fluid  dark_txt svg_none svg_bottom_none  svg_bottom\"   >\n                  \n\t\t\t\t       \n\t\t\t\t<div class=\"mo-vc-row-ovelay\" style=\"\"><\/div>\n\t\t\t<div class=\"container main-container\"><div class=\"wpb_column vc_column_container vc_col-sm-12 mo-column-69d8d7ba97479\"><div class=\"vc_column-inner\"><div class=\"wpb_wrapper \"  ><div class=\"wpb_wrapper-inner\"><h2 style=\"text-align: center;font-family:Abril Fatface;font-weight:400;font-style:normal\" class=\"vc_custom_heading\">Vie de l'\u00e9cole<\/h2><div class=\"vc_row wpb_row vc_inner vc_row-fluid vc_column-gap-0\"   ><div class=\"wpb_column vc_column_container vc_col-sm-6 mo-column-69d8d7ba98036\"><div class=\"vc_column-inner\" ><div class=\"wpb_wrapper\">\n\t<div  class=\"wpb_single_image wpb_content_element vc_align_right\">\n\t\t\n\t\t<figure class=\"wpb_wrapper vc_figure\">\n\t\t\t<div class=\"vc_single_image-wrapper   vc_box_border_grey\"><img loading=\"lazy\" decoding=\"async\" width=\"437\" height=\"370\" src=\"https:\/\/www.isc.edu.eg\/concordia\/wp-content\/uploads\/2023\/04\/7a3335_f763599c6b9247d99bbd1c9e8b86cf9amv2.webp\" class=\"vc_single_image-img attachment-large\" alt=\"\" title=\"\" srcset=\"https:\/\/www.isc.edu.eg\/concordia\/wp-content\/uploads\/2023\/04\/7a3335_f763599c6b9247d99bbd1c9e8b86cf9amv2.webp 437w, https:\/\/www.isc.edu.eg\/concordia\/wp-content\/uploads\/2023\/04\/7a3335_f763599c6b9247d99bbd1c9e8b86cf9amv2-300x254.webp 300w\" sizes=\"auto, (max-width: 437px) 100vw, 437px\" \/><\/div>\n\t\t<\/figure>\n\t<\/div>\n<\/div><\/div><\/div><div class=\"wpb_column vc_column_container vc_col-sm-6 mo-column-69d8d7ba99f5f\"><div class=\"vc_column-inner\" ><div class=\"wpb_wrapper\"><h4 style=\"text-align: left;font-family:Abril Fatface;font-weight:400;font-style:normal\" class=\"vc_custom_heading\">Horaires de l\u2019\u00e9cole<\/h4>\n\t<div class=\"wpb_text_column wpb_content_element \" >\n\t\t<div class=\"wpb_wrapper\">\n\t\t\t<p class=\"font_0\">7H45 \u00e0 15H00.<\/p>\n\n\t\t<\/div>\n\t<\/div>\n<h4 style=\"text-align: left;font-family:Abril Fatface;font-weight:400;font-style:normal\" class=\"vc_custom_heading\">R\u00e8glement int\u00e9rieur<\/h4><div class=\"vc_btn3-container vc_btn3-inline\" ><a class=\"vc_general vc_btn3 vc_btn3-size-md vc_btn3-shape-rounded vc_btn3-style-modern vc_btn3-color-grey\" href=\"https:\/\/www.concordiasite.com\/_files\/ugd\/7a3335_84be6510a45d47f89bda5bda2952299a.pdf\" title=\"\"> T\u00e9l\u00e9charger<\/a><\/div><h4 style=\"text-align: left;font-family:Abril Fatface;font-weight:400;font-style:normal\" class=\"vc_custom_heading\">Calendrier scolaire<\/h4><div class=\"vc_btn3-container vc_btn3-inline\" ><a class=\"vc_general vc_btn3 vc_btn3-size-md vc_btn3-shape-rounded vc_btn3-style-modern vc_btn3-color-grey\" href=\"https:\/\/www.concordiasite.com\/_files\/ugd\/7a3335_203027350b8c493aa761e1935808dc5c.pdf\" title=\"\"> T\u00e9l\u00e9charger<\/a><\/div><\/div><\/div><\/div><\/div><\/div><\/div><\/div><\/div><\/div><\/div>\n<\/section>","protected":false},"excerpt":{"rendered":"Vie de l'\u00e9cole Horaires de l\u2019\u00e9cole 7H45 \u00e0 15H00. R\u00e8glement int\u00e9rieur T\u00e9l\u00e9chargerCalendrier scolaire T\u00e9l\u00e9charger","protected":false},"author":1,"featured_media":0,"parent":0,"menu_order":0,"comment_status":"closed","ping_status":"closed","template":"","meta":{"ngg_post_thumbnail":0,"_mc_calendar":[],"footnotes":""},"class_list":["post-1320","page","type-page","status-publish","hentry"],"_links":{"self":[{"href":"https:\/\/www.isc.edu.eg\/concordia\/wp-json\/wp\/v2\/pages\/1320","targetHints":{"allow":["GET"]}}],"collection":[{"href":"https:\/\/www.isc.edu.eg\/concordia\/wp-json\/wp\/v2\/pages"}],"about":[{"href":"https:\/\/www.isc.edu.eg\/concordia\/wp-json\/wp\/v2\/types\/page"}],"author":[{"embeddable":true,"href":"https:\/\/www.isc.edu.eg\/concordia\/wp-json\/wp\/v2\/users\/1"}],"replies":[{"embeddable":true,"href":"https:\/\/www.isc.edu.eg\/concordia\/wp-json\/wp\/v2\/comments?post=1320"}],"version-history":[{"count":3,"href":"https:\/\/www.isc.edu.eg\/concordia\/wp-json\/wp\/v2\/pages\/1320\/revisions"}],"predecessor-version":[{"id":1324,"href":"https:\/\/www.isc.edu.eg\/concordia\/wp-json\/wp\/v2\/pages\/1320\/revisions\/1324"}],"wp:attachment":[{"href":"https:\/\/www.isc.edu.eg\/concordia\/wp-json\/wp\/v2\/media?parent=1320"}],"curies":[{"name":"wp","href":"https:\/\/api.w.org\/{rel}","templated":true}]}}