{"id":1923,"date":"2022-04-12T10:41:37","date_gmt":"2022-04-12T10:41:37","guid":{"rendered":"https:\/\/www.isc.edu.eg\/ebis\/?page_id=1923"},"modified":"2026-04-06T15:23:25","modified_gmt":"2026-04-06T15:23:25","slug":"french-department","status":"publish","type":"page","link":"https:\/\/www.isc.edu.eg\/ebis\/french-department\/","title":{"rendered":"French Department"},"content":{"rendered":"<p><strong><em>Qui manie la langue de Moli\u00e8re manie la langue de bois.<\/em><\/strong><\/p>\n<p><em>Une culture, trois langues telle a toujours \u00e9t\u00e9 la devise de notre d\u00e9partement &#8220;EBIS&#8221;. Notre structure a \u00e9t\u00e9 fond\u00e9e en 2015 comportant des niveaux scolaires allant du cp \u00e0 la troisi\u00e8me (coll\u00e8ge) et qui est dirig\u00e9e par <\/em><strong><em>Mademoiselle Hassiba Ahmed Bensmira et son \u00e9quipe p\u00e9dagogique:<\/em><\/strong><\/p>\n<p>Notre p\u00e9dagogie promet un enseignement plurilingue, l&#8217;anglais comme langue de scolarit\u00e9 ainsi que le fran\u00e7ais comme langue de communication. Cette p\u00e9dagogie de la langue fran\u00e7aise est bien innovante permettant aux \u00e9l\u00e8ves d&#8217;une part une ouverture sur le monde et d&#8217;autre part l&#8217;acquisition d&#8217;un niveau linguistique plus ou moins proche de celui de l&#8217;\u00e9cole &#8220;s\u0153ur&#8221; Concordia avec qui nous travaillons , collaborons et \u00e9changeons \u00e0 travers des activit\u00e9s diverses .Gr\u00e2ce aux efforts fournis par toute l&#8217;\u00e9quipe nous initions nos \u00e9l\u00e8ves \u00e0 participer \u00e0 divers \u00e9v\u00e8nements culturels pour ainsi ma\u00eetriser l&#8217;oral qui reste la colonne vert\u00e9brale de toute langue citant par exemple notre participation \u00e0 l\u2019IFE avec une pi\u00e8ce th\u00e9\u00e2trale ou on a eu le prix de la meilleure pr\u00e9sentation. Nos comp\u00e9tences et profils font foi de notre projet qui est dans la bonne voie. Et dans le souci de la continuit\u00e9 p\u00e9dagogique dans la ma\u00eetrise de la langue, et pour mat\u00e9rialiser les efforts, nos \u00e9l\u00e8ves passent r\u00e9guli\u00e8rement le Delf sous l&#8217;\u00e9gide de l&#8217;IFE tous niveaux confondus allant du A1 Prim au B2 et les r\u00e9sultats des ann\u00e9es pr\u00e9c\u00e9dentes ne n&#8217;en sont que des indicateurs concrets de ce qui a \u00e9t\u00e9 r\u00e9alis\u00e9 sur le terrain comme exploits et nous n&#8217;en sommes que fi\u00e8res.<\/p>\n\n\n<div class=\"wp-block-columns is-layout-flex wp-container-core-columns-is-layout-1 wp-block-columns-is-layout-flex\">\n<div class=\"wp-block-column is-layout-flow wp-block-column-is-layout-flow\">\n<div class=\"aiovg-player-container\" style=\"max-width: 100%;\"><div class=\"aiovg-player aiovg-player-iframe\" style=\"padding-bottom: 56.25%;\"><iframe loading=\"lazy\" src=\"https:\/\/www.isc.edu.eg\/ebis\/player-embed\/id\/2727\/\" title=\"The French Dpartment Trip to PAUL\" width=\"560\" height=\"315\" frameborder=\"0\" scrolling=\"no\" allow=\"accelerometer; autoplay; clipboard-write; encrypted-media; gyroscope; picture-in-picture; web-share\" allowfullscreen><\/iframe><\/div><\/div>\n<\/div>\n\n\n\n<div class=\"wp-block-column is-layout-flow wp-block-column-is-layout-flow\"><\/div>\n\n\n\n<div class=\"wp-block-column is-layout-flow wp-block-column-is-layout-flow\"><\/div>\n<\/div>\n","protected":false},"excerpt":{"rendered":"<p>Qui manie la langue de Moli\u00e8re manie la langue de bois. Une culture, trois langues telle a toujours \u00e9t\u00e9 la devise de notre d\u00e9partement &#8220;EBIS&#8221;. Notre structure a \u00e9t\u00e9 fond\u00e9e en 2015 comportant des niveaux scolaires allant du cp \u00e0 la troisi\u00e8me (coll\u00e8ge) et qui est dirig\u00e9e par Mademoiselle Hassiba Ahmed Bensmira et son \u00e9quipe [&hellip;]<\/p>\n","protected":false},"author":4,"featured_media":0,"parent":0,"menu_order":0,"comment_status":"closed","ping_status":"closed","template":"","meta":{"_mc_calendar":[],"footnotes":""},"class_list":["post-1923","page","type-page","status-publish","hentry"],"_links":{"self":[{"href":"https:\/\/www.isc.edu.eg\/ebis\/wp-json\/wp\/v2\/pages\/1923","targetHints":{"allow":["GET"]}}],"collection":[{"href":"https:\/\/www.isc.edu.eg\/ebis\/wp-json\/wp\/v2\/pages"}],"about":[{"href":"https:\/\/www.isc.edu.eg\/ebis\/wp-json\/wp\/v2\/types\/page"}],"author":[{"embeddable":true,"href":"https:\/\/www.isc.edu.eg\/ebis\/wp-json\/wp\/v2\/users\/4"}],"replies":[{"embeddable":true,"href":"https:\/\/www.isc.edu.eg\/ebis\/wp-json\/wp\/v2\/comments?post=1923"}],"version-history":[{"count":7,"href":"https:\/\/www.isc.edu.eg\/ebis\/wp-json\/wp\/v2\/pages\/1923\/revisions"}],"predecessor-version":[{"id":2849,"href":"https:\/\/www.isc.edu.eg\/ebis\/wp-json\/wp\/v2\/pages\/1923\/revisions\/2849"}],"wp:attachment":[{"href":"https:\/\/www.isc.edu.eg\/ebis\/wp-json\/wp\/v2\/media?parent=1923"}],"curies":[{"name":"wp","href":"https:\/\/api.w.org\/{rel}","templated":true}]}}

<p><strong><em>Qui manie la langue de Molière manie la langue de bois.</em></strong></p>
<p><em>Une culture, trois langues telle a toujours été la devise de notre département &#8220;EBIS&#8221;. Notre structure a été fondée en 2015 comportant des niveaux scolaires allant du cp à la troisième (collège) et qui est dirigée par </em><strong><em>Mademoiselle Hassiba Ahmed Bensmira et son équipe pédagogique:</em></strong></p>
<p>Notre pédagogie promet un enseignement plurilingue, l&#8217;anglais comme langue de scolarité ainsi que le français comme langue de communication. Cette pédagogie de la langue française est bien innovante permettant aux élèves d&#8217;une part une ouverture sur le monde et d&#8217;autre part l&#8217;acquisition d&#8217;un niveau linguistique plus ou moins proche de celui de l&#8217;école &#8220;sœur&#8221; Concordia avec qui nous travaillons , collaborons et échangeons à travers des activités diverses .Grâce aux efforts fournis par toute l&#8217;équipe nous initions nos élèves à participer à divers évènements culturels pour ainsi maîtriser l&#8217;oral qui reste la colonne vertébrale de toute langue citant par exemple notre participation à l’IFE avec une pièce théâtrale ou on a eu le prix de la meilleure présentation. Nos compétences et profils font foi de notre projet qui est dans la bonne voie. Et dans le souci de la continuité pédagogique dans la maîtrise de la langue, et pour matérialiser les efforts, nos élèves passent régulièrement le Delf sous l&#8217;égide de l&#8217;IFE tous niveaux confondus allant du A1 Prim au B2 et les résultats des années précédentes ne n&#8217;en sont que des indicateurs concrets de ce qui a été réalisé sur le terrain comme exploits et nous n&#8217;en sommes que fières.</p>


<div class="wp-block-columns is-layout-flex wp-container-core-columns-is-layout-1 wp-block-columns-is-layout-flex">
<div class="wp-block-column is-layout-flow wp-block-column-is-layout-flow">
<div class="aiovg-player-container" style="max-width: 100%;"><div class="aiovg-player aiovg-player-iframe" style="padding-bottom: 56.25%;"><iframe loading="lazy" src="https://www.isc.edu.eg/ebis/player-embed/id/2727/" title="The French Dpartment Trip to PAUL" width="560" height="315" frameborder="0" scrolling="no" allow="accelerometer; autoplay; clipboard-write; encrypted-media; gyroscope; picture-in-picture; web-share" allowfullscreen></iframe></div></div>
</div>



<div class="wp-block-column is-layout-flow wp-block-column-is-layout-flow"></div>



<div class="wp-block-column is-layout-flow wp-block-column-is-layout-flow"></div>
</div>

<p>Qui manie la langue de Molière manie la langue de bois. Une culture, trois langues telle a toujours été la devise de notre département &#8220;EBIS&#8221;. Notre structure a été fondée en 2015 comportant des niveaux scolaires allant du cp à la troisième (collège) et qui est dirigée par Mademoiselle Hassiba Ahmed Bensmira et son équipe [&hellip;]</p>
